= 3*v - 2114, v + 2*y = 693. Suppose 1997 = 6*f - v. List the prime factors of f.
2, 3, 5
Let u = 16496 + 1227. List the prime factors of u.
37, 479
Let j(n) = -n**3 - 3*n**2 - 2*n. Let o be j(-1). Suppose o*z + 2*z = 4*z. Let s(y) = -y**2 + y + 35. What are the prime factors of s(z)?
5, 7
Let h(b) = 58*b + 60. List the prime factors of h(80).
2, 5, 47
Let d(k) = -31*k + 4. Let f be d(-12). Suppose 629 + f = 3*p. List the prime factors of p.
5, 67
Let j(p) be the first derivative of -4*p**4 + 4*p**3/3 + 5*p**2/2 + p + 17. Let s be j(-1). Let g = s + 8. List the prime factors of g.
2, 3
Suppose -55*m + 2853 = -1492. Suppose s - 4*p + m - 799 = 0, 3*s = 5*p + 2139. List the prime factors of s.
2, 3, 59
Let n = -40 - -46. Suppose 2*c = 2*t - 60, -t + n*c - 3*c = -30. Suppose -2*y + t + 16 = 0. List the prime factors of y.
23
Suppose 14 = -2*p + 258. Suppose p*z + 12 = 124*z. What are the prime factors of z?
2, 3
List the prime factors of (-9)/(-5) - (5003964/(-70))/6.
2, 3, 331
Let h = -53 - -57. Suppose -88 = h*f - 0*f - 4*k, f + 34 = -5*k. What are the prime factors of 18/f + (-69)/(-12)?
5
Let f(l) = l + 2. Let v be f(-5). Suppose 11*w - 124*w = 56*w + 845. List the prime factors of w + v/(-3) - 1*-178.
2, 3, 29
Suppose 0 = 6*w + 126*w - 6160704. What are the prime factors of w?
2, 2917
Let y(n) = -692*n + 5406. List the prime factors of y(-71).
2, 11, 37, 67
Let t(u) = -80*u - 8. Let c = 549 + -559. What are the prime factors of t(c)?
2, 3, 11
Let y = -15328 + 33015. What are the prime factors of y?
23, 769
Suppose 116*i - 102*i = 158802. List the prime factors of i.
3, 19, 199
Let c be ((5 + -4)/(-2))/((-9)/18). What are the prime factors of (c/(-2))/(8 + (-71108)/8888)?
11, 101
Let l = 52 + -39. Let f = 21 - l. Suppose -145 = -f*g + 1503. What are the prime factors of g?
2, 103
Suppose 6 = 2*s - 0. Let b be ((-302)/s)/((-14)/105). Suppose -185*z + b = -180*z. What are the prime factors of z?
151
Let j = 16963 + -6333. What are the prime factors of j?
2, 5, 1063
Suppose -2*c - 11*c = -52451 - 51393. List the prime factors of c.
2, 1997
Suppose 2*w - 22 = -16. Let r(t) = 5 - 17*t**3 + 3*t + 4 - 31*t**w - 7. List the prime factors of r(-1).
47
Let p = 97124 - 56394. List the prime factors of p.
2, 5, 4073
Suppose 0 = -1893*j + 1903*j - 13520. List the prime factors of j.
2, 13
Suppose -99 = 2*u + i, u - 2*u - 63 = -4*i. Let k = u + 53. Suppose k*a + 123 + 149 = 3*g, 2*a - 168 = -2*g. List the prime factors of g.
2, 11
Let j(r) = -60 + 13*r**2 + 29 - r**3 + 27*r - 28*r. List the prime factors of j(10).
7, 37
Let h(g) = -37*g + 101. Let v be 1*-1 + 170/(-34). What are the prime factors of h(v)?
17, 19
Let p(q) = 3*q**2 + 200*q + 262. What are the prime factors of p(40)?
2, 3, 7, 311
Let f(r) = -r**3 + r**2 - 3*r + 2. Let l be f(3). Let t = -23 - l. Suppose -3*o + 38 + 332 = 4*b, -t*o + 95 = b. What are the prime factors of b?
7, 13
Suppose -96*v + 94*v + 11653 = 3*n, 4*v - 23316 = 4*n. What are the prime factors of v?
2, 31, 47
Let p = -257 - -205. What are the prime factors of (26/p)/((1/(-306))/1)?
3, 17
Let n(m) = -55*m + 8500. List the prime factors of n(-24).
2, 5, 491
Suppose 0 = -3*j + 4*g + 21647, 0 = j - 343*g + 347*g - 7221. List the prime factors of j.
7, 1031
Let a(j) = -2*j**3 - 22*j**2 - 17*j - 3. Suppose 5*y + 79 - 24 = 0. What are the prime factors of a(y)?
2, 23
Let s(k) = -k + 33. Let g be s(6). Let t = -21 + g. Suppose 0 = -3*f - t + 492. List the prime factors of f.
2, 3
Let t = 496 + -434. Suppose 0 = -5*m + i + 6242, -t*m + 3732 = -59*m - 5*i. List the prime factors of m.
1249
Suppose 2*s - 31458 = -22*z + 18*z, 0 = 4*s - 5*z - 62838. What are the prime factors of s?
3, 13, 31
Let w be (-674640)/(-792) + (-2)/(-11). Suppose -41*d = -38*d - w. What are the prime factors of d?
2, 71
Let l = -38 - -159. List the prime factors of (-3 + l)*4*25/40.
5, 59
Suppose 0 = -312*i + 313*i - 176. Suppose 5*z = 274 + i. What are the prime factors of z?
2, 3, 5
Let g(v) = -41*v**3 + 2*v**2 - 7*v - 5. Let s(c) = c**3 - c - 1. Let z(j) = -g(j) + 4*s(j). What are the prime factors of z(2)?
359
Let f(u) = 3669*u + 272. List the prime factors of f(2).
2, 5, 761
Let f = -201 + 4074. What are the prime factors of f?
3, 1291
Suppose 0 = -3*n + 3*r - 186, -87 = -5*n + 3*r - 395. Let s = n - -63. List the prime factors of 2/(-4)*-38*s.
2, 19
Suppose -3*b = 2*b - 10. Suppose b*d - h + 3*h + 4 = 0, 5*d - 4*h = 26. Let p(o) = 21*o**2 - o - 2. List the prime factors of p(d).
2, 5
Suppose -32 = f - 2*f - 5*j, j - 28 = -f. Suppose f - 14 = y. Suppose 0 = 16*a - y*a - 252. What are the prime factors of a?
2, 3, 7
Let f(m) = m**2 - 9*m + 15. Let k be f(9). Suppose 0 = 19*d - k*d - 20, 4*t - d = 523. What are the prime factors of t?
2, 3, 11
List the prime factors of -39*(-7)/21 + 1782.
5, 359
Let h(a) = 1348*a**3 - 3*a**2 + 4*a + 2. What are the prime factors of h(2)?
2, 3, 599
What are the prime factors of (((-879)/4)/(-1))/(43/516)?
3, 293
Suppose 73*w - 722996 - 811318 = 0. What are the prime factors of w?
2, 3, 31, 113
Let j = 5155 + 32106. List the prime factors of j.
7, 5323
Let x = 11 + -5. Let p be (-3)/(9/x) - (-377 + -7). Suppose d - h = -4*d + 674, -3*d - 5*h + p = 0. What are the prime factors of d?
2, 67
Suppose -3*v = 3*f - 14220, 3*f - 21*v = -15*v + 14184. List the prime factors of f.
2, 37
Let j be (-168)/(-63)*6/(-4). What are the prime factors of 4/(-5) + ((-40192)/10)/j?
2, 251
Let a = 5366 - -3265. Suppose 204*i = 197*i + a. What are the prime factors of i?
3, 137
Let o(t) = 25 - 50*t + 17 - 30. List the prime factors of o(-11).
2, 281
Let n(z) = 3*z - 29. Let h be n(10). Suppose 3*u - 19 + h = 0. Suppose j = 4*l - 238, -u*l - 3*j + 246 = -2*l. What are the prime factors of l?
2, 3, 5
Let u be ((-15)/(-5) - 13)*(-41)/2. Suppose -5*w + 2*t = -1079, u = w - 4*t + 9*t. What are the prime factors of w?
5, 43
Let w(b) = -6*b**2 + 54*b - 31. Let d(r) = -2*r**2 - r - 2. Let x(k) = -2*d(k) + w(k). What are the prime factors of x(18)?
3, 37
Suppose -4*i - 2*h - 368 = 0, i - 450 = 6*i + 5*h. Let u = -75 - i. Let v = u - -4. List the prime factors of v.
23
Suppose 5*y = 10*y - 80. Let v be 22/(-8) + (-84)/y + 5. What are the prime factors of (v - 0)/((-1)/(47/3))?
47
Let w = 78 + -76. Suppose 0 = 3*a - 4*o - 19, w*o = 4*a - 3 - 19. Suppose z - 372 = -4*d - 126, 5*d = -a*z + 315. List the prime factors of d.
61
Let m(s) = s**3 + 20*s**2 - 7*s + 18. Let t be m(-13). Suppose -t = -7*l + 6324. What are the prime factors of l?
2, 17
Suppose 0 = -4*l + 2*o - 414, l + 190 = -5*o + 59. Let j = l - -106. Suppose 6*g + 13*g - 950 = j. List the prime factors of g.
2, 5
Let r = 27915 - 13548. What are the prime factors of r?
3, 4789
Suppose 39*u = 35*u. Let t(r) = r**2 + 2*r + 7. Let b be t(u). Suppose -b*f + 505 + 174 = 0. What are the prime factors of f?
97
Suppose -2*d = 3*z - 19128, 3*z - 19122 = -3*d + 2*d. What are the prime factors of z?
2, 3, 59
Suppose 0 = 8*r - 2*r - 12. Let k(v) = v**r + 3*v - 8 + v + 0. What are the prime factors of k(-11)?
3, 23
Let s(m) = -m**3 - 42*m**2 + 35*m - 42. What are the prime factors of s(-43)?
2, 151
Let s(d) = 3249*d**2 + 6*d + 5. Let q be s(-1). List the prime factors of q/6 + 1 + 2/(-6).
2, 271
List the prime factors of 3 - -36654 - ((-30)/(-9) + 6/9).
36653
Let y = 45923 - 32055. What are the prime factors of y?
2, 3467
Let h = -58 + 61. Suppose -5 = 3*j + 4, -5*j = -h*m + 21. Suppose 4*f - 441 = f - 2*u, 5*f - 731 = -m*u. List the prime factors of f.
5, 29
Let u(r) = -27*r**2 - r - 6. Let g be u(-2). Let b be (g/(-84))/(2/9). Suppose -15*y = -b - 24. What are the prime factors of y?
2
Let k = 575 + -592. Let t(n) = 9 + 3*n + 9 - 22*n - n**2. What are the prime factors of t(k)?
2, 13
Let q(i) = -i**3 - 4*i**2 + 10*i + 6. Let h be q(-6). Suppose -a + 4*t = h, -3*a + t - 11 = -1. List the prime factors of 70 - a/(-8)*0.
2, 5, 7
What are the prime factors of 0 - (-4)/6 - -1832*209/66?
2, 3, 967
Let p = -4936 + 7887. What are the prime factors of p?
13, 227
Suppose -121474 - 40739 = -14*b - 22115. What are the prime factors of b?
10007
Let v(l) = 15*l**2 - 31*l - 18. Let r(a) = 15*a**2 - 32*a - 16. Let w(y) = 6*r(y) - 5*v(y). List the prime factors of w(6).
2, 3, 13
Let s(o) = 11*o**3 + 2*o**2 + 3*o + 1. Let p be